divided by 10?
1
Let d(y) = -y**2 - 24*y - 114. What is the remainder when 1188 is divided by d(-13)?
28
Suppose -229*n + 72 = -226*n. Calculate the remainder when 237 is divided by n.
21
Let x(i) = -2*i**3 + 15*i**2 + 7*i + 21. Calculate the remainder when 167 is divided by x(8).
11
Suppose 1274 = -109*h + 135*h. Let f(a) = a**3 + 7*a**2 - 11*a - 4. Calculate the remainder when h is divided by f(-8).
9
Let l(p) = -2*p**3 + 47*p**2 + 22*p + 56. What is the remainder when 110 is divided by l(24)?
6
Suppose -2*d - 2 + 14 = 0. Let a(p) = -p**3 + 8*p**2 - 11*p + 1. Calculate the remainder when a(d) is divided by 2.
1
Suppose -3*r + 2*r + 21 = 0. What is the remainder when 104 + 24/(-12) - 1/(-1) is divided by r?
19
Let w = 4 - -35. Suppose c - 1 = -2*i, -5*i - 1 = 3*c - 2. Suppose -i*d - 3*d = -20, 2*o + 5*d = 48. Calculate the remainder when w is divided by o.
11
What is the remainder when (98/6)/(5/30) is divided by -32*1/(-6)*(-60)/(-16)?
18
Let k = 7 - -100. Let m(y) = -y - 37. Let b be m(0). Let g = b + 73. What is the remainder when k is divided by g?
35
Let b = 848 - 806. Calculate the remainder when 79 is divided by b.
37
Suppose 24*c - 672 = -120. What is the remainder when c is divided by 3 + -2 + 3 + 2?
5
Let a be 1/(4/(-6) - -1). Suppose -j + 3*j + 3*z - 12 = 0, a*z = 3*j - 33. Suppose -17 = 2*m - 83. Calculate the remainder when m is divided by j.
6
Suppose -5*v = -3*v - 2. Let p = 25 + v. Calculate the remainder when 83/((-1992)/(-96)) + (0 - -1) + 71 is divided by p.
24
What is the remainder when 67 is divided by (114/171)/(560/(-282) - -2)?
20
Let d(t) = 2*t - 3*t - 7 - 7. Let r be d(-10). Calculate the remainder when r/2*100/(-8) is divided by 7.
4
Suppose -2*v - 5 - 3 = 0, f + 3*v - 62 = 0. What is the remainder when f is divided by 5?
4
Let d = 1112 - 1054. Calculate the remainder when d is divided by 21.
16
Calculate the remainder when 45 is divided by 3906/168 - (-1)/(-4).
22
Suppose 0*w = 5*w - 300. Suppose 2*x = -4*p - 2*x + w, 4*p + 5*x - 56 = 0. What is the remainder when p is divided by 10?
9
Let r = -5 - -7. Let i(c) = 3*c**2 - 5*c + 9. Calculate the remainder when -1 + 43 - 0/r is divided by i(2).
9
Suppose -x = 4*x - 5*m - 5, 3*m - 5 = -x. Let p = 205 + -197. Calculate the remainder when p is divided by x.
0
Suppose -4*c = 3*s - 43, -c + 11*s - 13*s + 12 = 0. What is the remainder when 35 is divided by c?
5
Suppose 12 = -3*m + 2*d + 76, 5*m = d + 95. Let f(c) = -18*c + 14. Let w be f(6). What is the remainder when m is divided by w/(-18) + 16/(-72)?
3
Let o be (-2)/(-2) - (4 + -6). Let j(q) be the first derivative of q**4/2 - 7*q**3/3 + 3*q**2 - 6*q + 4. Calculate the remainder when 9 is divided by j(o).
0
Let q(p) = -7 + 0 - 6*p**2 + 5*p**2 + 8*p. Suppose 2437 = 4*v - 5*a + 2381, -2*a = 0. What is the remainder when v is divided by q(6)?
4
Let v be (-5)/(20/(-58))*2. Let w = v + -8. Let u = w + -12. Calculate the remainder when 26 is divided by u.
8
Suppose -3*o + v = -46, 2*v - 5*v = -15. Calculate the remainder when -1*(-2)/(-4)*-166 is divided by o.
15
Let i(g) = -103*g**2 + 2*g + 1. Let f be i(-1). Let s = 172 + f. What is the remainder when s is divided by 14?
12
Let y = 32 + -28. Suppose -z + y = 2*p - 4, z = p - 4. Suppose -p*g + 59 = -45. Calculate the remainder when 102 is divided by g.
24
Suppose 1117 = 4*n - 115. Calculate the remainder when n is divided by 52.
48
Let v(g) = 12*g + 2*g + 3 + 8*g. What is the remainder when v(1) is divided by 11?
3
Suppose 2*v - 22 = 3*t + 13, -4*t - 20 = 4*v. What is the remainder when 41 is divided by (2/t)/((-20)/(-30))*-33?
8
Let q(i) = 19*i**3 - 10*i**2 + 24*i - 1. What is the remainder when q(3) is divided by 151?
41
Suppose b - 20 = -0*b. Let m = -25 - -7. Let k = 76 + m. What is the remainder when k is divided by b?
18
Let a(w) = 33*w**2 - 3*w + 3. Let c be a(2). Let f = c - 119. Calculate the remainder when (-37)/(-1 + -1 + 1) is divided by f.
7
Let h = 7 - 19. Let t(s) = -s - 1. Let j be t(h). Let u = 46 + j. What is the remainder when u is divided by 15?
12
Suppose 5*l + 6 = -l. What is the remainder when (42 - (1 - l)) + -3 is divided by 10?
7
Let s(y) = y**2 + 2*y. Let d be s(-9). Let z be 27/15 - (-2)/10. Suppose z*c + d = 5*c. Calculate the remainder when c is divided by 11.
10
Let z = -965 - -981. What is the remainder when (-27 + 0)*(-1 - 0) is divided by z?
11
Suppose 4*o - 264 = -4*k, -2*o - 2*k - 173 = -5*o. Let t = -39 + o. Calculate the remainder when 5 + 318/(-66) - (-691)/11 is divided by t.
19
Suppose -2*v + 5*s + 227 = 0, 0 = 2*v - 3*s - 345 + 120. What is the remainder when v is divided by 4?
3
Let l = 40 - 35. Let m = 8 + l. Calculate the remainder when 50 is divided by m.
11
Calculate the remainder when 19 - (-6)/10*-10 is divided by 12.
1
Suppose -3*h = -7*h, -3*u - 3 = 4*h. Let j(q) = 26*q**2 + 2*q + 1. What is the remainder when j(u) is divided by 13?
12
Suppose 434 = 8*n + 6*n. Suppose 0*l + l - 100 = -2*w, -2*l + 195 = 3*w. What is the remainder when l is divided by n?
28
Let b = -2 - -7. Suppose -3*m + 0*d - 5 = -b*d, 2*m + 4*d = 26. Suppose -2*q + 11 = m. Calculate the remainder when 3 is divided by q.
0
Let n be 62*-1*3/(-6). Let s = -16 + n. What is the remainder when 44 is divided by s?
14
Suppose -9 = -a + v, -5*a - 20*v = -24*v - 40. What is the remainder when 69*-1*(0 - 1) is divided by a?
1
Calculate the remainder when 101 is divided by (-36)/(-8)*(-30)/(-9).
11
Let g(y) = y**3 + 12*y**2 + 7*y - 13. What is the remainder when g(-9) is divided by 58?
51
Suppose 4*a + 189 = 5*g, 5*g + 0*a - 201 = a. Let f be (-537)/(-15) - (-2)/10. Let q = g - f. What is the remainder when 14 is divided by q?
4
Suppose 5*t - 120 = t. Let g = t + -10. Calculate the remainder when 39 is divided by g.
19
Let s be ((-1114)/(-10) - 2) + (-22)/55. Suppose 5*k - 92 = -2*x + s, 0 = 3*k + 2*x - 119. Calculate the remainder when 120 is divided by k.
38
Let b(u) be the first derivative of -9*u**4/4 + 4*u**3/3 + 7*u**2/2 + 8*u + 18. Calculate the remainder when b(-2) is divided by 21.
19
Let v be (3 - 2)*(-6 + 5 + 63). Let g = v - 46. Calculate the remainder when 76 is divided by g.
12
Let w = 34 - 232. What is the remainder when 37 is divided by (-16)/20 - w/10?
18
Suppose s = 2, k - 217 = -3*s + 47. Let l = -57 + k. Suppose l - 66 = 5*x. What is the remainder when x is divided by 7?
6
Let n(b) = 0 - 2*b + b**2 + 3*b - 2. Let z be n(-3). Suppose -31 = 2*j - 3*j + 4*m, 0 = -z*j - 4*m + 64. Calculate the remainder when 75 is divided by j.
18
Let c = 192 + -78. Suppose -14*f + c + 40 = 0. Calculate the remainder when 16 is divided by f.
5
Suppose 0 = 4*z - n - 2348, 4*z + 2*n + 2*n = 2368. Calculate the remainder when z is divided by 85.
78
Let q = 65 + 43. Calculate the remainder when q is divided by (5/(-8) + 27/(-72))*-16.
12
Let b be 1 - (-4 + 7 - 2). Suppose -w - 3*w + 208 = b. Suppose -236 = -4*c - w. Calculate the remainder when c is divided by 12.
10
Let m(v) = -31*v - 264. What is the remainder when 30 is divided by m(-9)?
0
Let s = -130 - -150. What is the remainder when 218 is divided by s?
18
Let c = 56 - -17. Let k(v) = 2*v**2 + 5*v. What is the remainder when c is divided by k(-5)?
23
Suppose -6*v + 3*v = -30. Let u = -193 - -218. What is the remainder when u is divided by v?
5
Suppose -p = -8 + 3. Suppose -p*h - 15 = 10. What is the remainder when 8 is divided by h/10*-18 - 3?
2
Let q(o) = 11*o - 11. Suppose 4*k + 4*t - 1 = 15, 4*t = 5*k - 11. Calculate the remainder when 64 is divided by q(k).
20
What is the remainder when 403 is divided by (-2907)/(-114)*(3 + -1 + 0)?
46
Calculate the remainder when (-54)/3*(-2)/4 is divided by 1/((8/32)/1).
1
Let b be 994/(-49) - 2/(-7). Let q be (-2 - 2)/(b/15). Suppose 6*c - 96 = q*c. What is the remainder when c is divided by 7?
4
Calculate the remainder when 26 is divided by (1/(-2))/(33/(-396)).
2
Suppose -5*f + 243 = -172. Suppose -4*x + 2*d + 112 = 0, -46*x + 80 = -44*x - 5*d. What is the remainder when f is divided by x?
8
Let t = 2 + 39. Calculate the remainder when 162 is divided by t.
39
What is the remainder when -2 + 60 - (-9 - (-66)/6) is divided by 43?
13
Suppose 10*m - 32 = 2*m. Calculate the remainder when 233 is divided by 2 - -1 - (-1)/(m/60).
17
Suppose -60 = -5*q + 2*h, 0*q + 4*q - 5*h - 